{"id":249,"date":"2023-10-19T15:35:10","date_gmt":"2023-10-19T13:35:10","guid":{"rendered":"https:\/\/karenvourch.com\/?page_id=249"},"modified":"2023-11-21T08:56:55","modified_gmt":"2023-11-21T07:56:55","slug":"press","status":"publish","type":"page","link":"https:\/\/karenvourch.com\/index.php\/press\/","title":{"rendered":"Press"},"content":{"rendered":"\n<div class=\"wp-block-columns is-layout-flex wp-container-core-columns-is-layout-9d6595d7 wp-block-columns-is-layout-flex\">\n<div class=\"wp-block-column is-layout-flow wp-block-column-is-layout-flow\">\n<figure class=\"wp-block-pullquote\"><blockquote><p><strong>&nbsp;la M\u00e9lisande de Karen Vourc\u2019h est d\u2019une rigueur et d\u2019une modernit\u00e9 qui enflamment les sens.<\/strong><\/p><cite>&nbsp;LIBERATION<\/cite><\/blockquote><\/figure>\n<\/div>\n\n\n\n<div class=\"wp-block-column is-layout-flow wp-block-column-is-layout-flow\">\n<figure class=\"wp-block-pullquote\"><blockquote><p><strong>St\u00e9phane Braunschweig qui met l\u2019accent sur la sensualit\u00e9 de M\u00e9lisande, superbement incarn\u00e9e par le jeu ardent et le timbre net de Karen Vourc\u2019h<\/strong><\/p><cite>LE MONDE<\/cite><\/blockquote><\/figure>\n<\/div>\n<\/div>\n\n\n\n<blockquote class=\"wp-block-quote is-layout-flow wp-block-quote-is-layout-flow\">\n<p class=\"has-normal-font-size\">A ces atouts s&#8217;ajoute une carte ma\u00eetresse d\u00e9cisive : la distribution vocale (\u2026) La couronne en \u00e9choit \u00e0 Karen Vourc&#8217;h, Blanche de la Force \u00e0 la fois vuln\u00e9rable et farouche. Comme pour sa M\u00e9lisande, salle Favart, la jeune soprano impose cette dualit\u00e9, apanage des plus grandes : l&#8217;\u00e9vidence et le myst\u00e8re, le manifeste et l&#8217;insondable. On n&#8217;oubliera pas de sit\u00f4t son apparition finale : seule, debout parmi les carm\u00e9lites \u00e9tendues au sol comme des gisants, entonnant un <em>Veni creator<\/em> solaire, les bras en croix. Morte ? Non, transfigur\u00e9e. Changeant sa mort en aiguillon. En victoire. En assomption.<\/p>\n<cite>TELERAMA<\/cite><\/blockquote>\n\n\n\n<hr class=\"wp-block-separator has-alpha-channel-opacity\"\/>\n\n\n\n<figure class=\"wp-block-pullquote\"><blockquote><p><strong>Une Blanche fonci\u00e8rement touchante et engag\u00e9e (\u2026)<\/strong><\/p><cite><em>LE FIGARO<\/em><\/cite><\/blockquote><\/figure>\n\n\n\n<hr class=\"wp-block-separator has-alpha-channel-opacity\"\/>\n\n\n\n<div class=\"wp-block-columns is-layout-flex wp-container-core-columns-is-layout-9d6595d7 wp-block-columns-is-layout-flex\">\n<div class=\"wp-block-column is-layout-flow wp-block-column-is-layout-flow\">\n<blockquote class=\"wp-block-quote is-layout-flow wp-block-quote-is-layout-flow\">\n<p class=\"has-normal-font-size\">Des coups de c\u0153ur enfin pour la soprano Karen Vourc\u2019h et le trio Wanderer dans Chostakovitch et ses Sept Romances sur des po\u00e8mes d\u2019Alexandre Bloch. Voix exceptionnelle de contr\u00f4le de d\u2019\u00e9motion, le c\u0153ur au bord des l\u00e8vres Karen Vourc\u2019h est une tr\u00e8s grande interpr\u00e8te. Les musiciens du trio Wanderer mirent tout leur talent au service de cette sublime soprano.&nbsp; Folles Journ\u00e9es \/ Nantes&nbsp;<\/p>\n<cite><em><br><em>LA LETTRE DU MUSICIEN<\/em><\/em><\/cite><\/blockquote>\n<\/div>\n\n\n\n<div class=\"wp-block-column is-layout-flow wp-block-column-is-layout-flow\">\n<blockquote class=\"wp-block-quote is-layout-flow wp-block-quote-is-layout-flow\">\n<p class=\"has-normal-font-size\">Dans l&#8217;\u00e9crin de timbres cisel\u00e9 par le chef Cl\u00e9ment Mao-Takacs et son Secession Orchestra, l&#8217;aigu cristallin de Karen Vourc&#8217;h fait mouche. Emission concentr\u00e9e, articulation parfaite, les mots de la soprano lyrique, qui fut une M\u00e9lisande de r\u00eave sous la baguette de Gardiner, br\u00fblent comme de la glace avant de s&#8217;\u00e9teindre comme des braises. La Passion de Simone \/ K.Saariaho&nbsp;<\/p>\n<cite>LIBERATION<\/cite><\/blockquote>\n<\/div>\n\n\n\n<div class=\"wp-block-column is-layout-flow wp-block-column-is-layout-flow\">\n<blockquote class=\"wp-block-quote is-layout-flow wp-block-quote-is-layout-flow\">\n<p class=\"has-normal-font-size\">On aura rarement vu une M\u00e9lisande aussi \u00ab physique \u00bb que celle de Karen Vourc&#8217;h, sauvageonne court v\u00eatue, se cabrant de tout son dos dans un refus de son corps qui est sa mani\u00e8re \u00e0 elle de l&#8217;offrir \u2014 <em>\u00ab un oiseau pourchass\u00e9 et qui n&#8217;est pas d&#8217;ici \u00bb,<\/em> colombe ou \u00e9pervier, proie ou pr\u00e9datrice.<\/p>\n<cite>TELERAMA<\/cite><\/blockquote>\n<\/div>\n<\/div>\n\n\n\n<p><a href=\"https:\/\/karenvourch.com\/index.php\/page-d-exemple\/press\/\">Lire la suite<\/a><\/p>\n","protected":false},"excerpt":{"rendered":"<p>&nbsp;la M\u00e9lisande de Karen Vourc\u2019h est d\u2019une rigueur et d\u2019une modernit\u00e9 qui enflamment les sens. &nbsp;LIBERATION St\u00e9phane Braunschweig qui met l\u2019accent sur la sensualit\u00e9 de M\u00e9lisande, superbement incarn\u00e9e par le jeu ardent et le timbre net de Karen Vourc\u2019h LE MONDE A ces atouts s&#8217;ajoute une carte ma\u00eetresse d\u00e9cisive : la distribution vocale (\u2026) La couronne en \u00e9choit \u00e0 Karen Vourc&#8217;h, Blanche de la Force &hellip;<\/p>\n","protected":false},"author":1,"featured_media":0,"parent":0,"menu_order":0,"comment_status":"closed","ping_status":"closed","template":"","meta":{"footnotes":""},"class_list":["post-249","page","type-page","status-publish","hentry"],"_links":{"self":[{"href":"https:\/\/karenvourch.com\/index.php\/wp-json\/wp\/v2\/pages\/249","targetHints":{"allow":["GET"]}}],"collection":[{"href":"https:\/\/karenvourch.com\/index.php\/wp-json\/wp\/v2\/pages"}],"about":[{"href":"https:\/\/karenvourch.com\/index.php\/wp-json\/wp\/v2\/types\/page"}],"author":[{"embeddable":true,"href":"https:\/\/karenvourch.com\/index.php\/wp-json\/wp\/v2\/users\/1"}],"replies":[{"embeddable":true,"href":"https:\/\/karenvourch.com\/index.php\/wp-json\/wp\/v2\/comments?post=249"}],"version-history":[{"count":11,"href":"https:\/\/karenvourch.com\/index.php\/wp-json\/wp\/v2\/pages\/249\/revisions"}],"predecessor-version":[{"id":452,"href":"https:\/\/karenvourch.com\/index.php\/wp-json\/wp\/v2\/pages\/249\/revisions\/452"}],"wp:attachment":[{"href":"https:\/\/karenvourch.com\/index.php\/wp-json\/wp\/v2\/media?parent=249"}],"curies":[{"name":"wp","href":"https:\/\/api.w.org\/{rel}","templated":true}]}}