{"id":51,"date":"2023-10-16T14:05:11","date_gmt":"2023-10-16T12:05:11","guid":{"rendered":"https:\/\/karenvourch.com\/?page_id=51"},"modified":"2023-12-07T15:15:47","modified_gmt":"2023-12-07T14:15:47","slug":"repertoire","status":"publish","type":"page","link":"https:\/\/karenvourch.com\/index.php\/page-d-exemple\/repertoire\/","title":{"rendered":"R\u00e9pertoire"},"content":{"rendered":"\n<p><em>Repertoire 2023 &#8211; Karen Vourc\u2019h<\/em> <br><a href=\"http:\/\/Repertoire 2023 - Karen Vourc\u2019h\">T\u00e9l\u00e9charger en pdf<\/a><\/p>\n\n\n\n<h2 class=\"wp-block-heading\"><strong>OPERA<\/strong><\/h2>\n\n\n\n<div class=\"wp-block-columns is-layout-flex wp-container-core-columns-is-layout-9d6595d7 wp-block-columns-is-layout-flex\">\n<div class=\"wp-block-column is-layout-flow wp-block-column-is-layout-flow\">\n<p>Barber<\/p>\n\n\n\n<p>Bartholom\u00e9e<\/p>\n\n\n\n<p>Berg<\/p>\n\n\n\n<p>Britten<\/p>\n\n\n\n<p>Cernowim<\/p>\n\n\n\n<p>Debussy<\/p>\n\n\n\n<p><br>Dusapin<\/p>\n\n\n\n<p><br>Etv\u00f6s<\/p>\n\n\n\n<p>Fenelon<\/p>\n\n\n\n<p>Filidei<\/p>\n\n\n\n<p>Hindemith<\/p>\n\n\n\n<p><br><br>Janacek<\/p>\n\n\n\n<p><br>Krawzyck<\/p>\n\n\n\n<p>Menotti<\/p>\n\n\n\n<p>Monteverdi<\/p>\n\n\n\n<p>Nitschke<\/p>\n\n\n\n<p>Offenbach<\/p>\n<\/div>\n\n\n\n<div class=\"wp-block-column is-layout-flow wp-block-column-is-layout-flow\">\n<p>Vanessa<\/p>\n\n\n\n<p>Nous sommes \u00e9ternels<\/p>\n\n\n\n<p>Wozzeck<\/p>\n\n\n\n<p>Turn of screw<\/p>\n\n\n\n<p>Infinite now<\/p>\n\n\n\n<p>Pelleas et Melisande <br>Rodrigue et Chimene<\/p>\n\n\n\n<p>Romeo et Juliette <br>Penthesilea<\/p>\n\n\n\n<p>Le Balcon<\/p>\n\n\n\n<p>JJR<\/p>\n\n\n\n<p>L\u2019inondation<\/p>\n\n\n\n<p>Mathis le peintre<br>Cardillac<br>Sancta Susanna<\/p>\n\n\n\n<p>Jenufa <br>La Petite renarde rus\u00e9e<\/p>\n\n\n\n<p>Fosse<\/p>\n\n\n\n<p>Saint of Bleeker Street<\/p>\n\n\n\n<p>Couronnement de Poppee<\/p>\n\n\n\n<p>Happy! Happy!<\/p>\n<\/div>\n\n\n\n<div class=\"wp-block-column is-layout-flow wp-block-column-is-layout-flow\">\n<p>Vanessa<\/p>\n\n\n\n<p>Claire*<\/p>\n\n\n\n<p>Marie<\/p>\n\n\n\n<p>Governess<\/p>\n\n\n\n<p>Soliste*<\/p>\n\n\n\n<p>Melisande*<\/p>\n\n\n\n<p><br>Juliette*<br>Penthesilea \/ Prothoe<\/p>\n\n\n\n<p>Chantal* \/ Les femmes*<\/p>\n\n\n\n<p>Soliste*<\/p>\n\n\n\n<p>La femme<\/p>\n\n\n\n<p><br><br><\/p>\n\n\n\n<p><br>Jenufa \/ Kostelnica<br>Le renard<\/p>\n\n\n\n<p>Soliste*<\/p>\n\n\n\n<p>Aninta*<\/p>\n\n\n\n<p>Popp\u00e9e\/Damigella*\/Fortuna*<\/p>\n\n\n\n<p>La femme*<\/p>\n<\/div>\n<\/div>\n\n\n\n<div style=\"height:1px\" aria-hidden=\"true\" class=\"wp-block-spacer\"><\/div>\n\n\n\n<div class=\"wp-block-columns is-layout-flex wp-container-core-columns-is-layout-9d6595d7 wp-block-columns-is-layout-flex\">\n<div class=\"wp-block-column is-layout-flow wp-block-column-is-layout-flow\">\n<p>Poulenc<br><\/p>\n<\/div>\n\n\n\n<div class=\"wp-block-column is-layout-flow wp-block-column-is-layout-flow\">\n<p>Dialogue des Carmelites &nbsp;<br>La Voix Humaine<\/p>\n<\/div>\n\n\n\n<div class=\"wp-block-column is-layout-flow wp-block-column-is-layout-flow\">\n<p>Blanche de la Force* \/ Lidoine<br>Elle*<\/p>\n<\/div>\n<\/div>\n\n\n\n<div style=\"height:1px\" aria-hidden=\"true\" class=\"wp-block-spacer\"><\/div>\n\n\n\n<div class=\"wp-block-columns is-layout-flex wp-container-core-columns-is-layout-9d6595d7 wp-block-columns-is-layout-flex\">\n<div class=\"wp-block-column is-layout-flow wp-block-column-is-layout-flow\">\n<p>Ravel<br><\/p>\n\n\n\n<p>Saariaho<br> <\/p>\n\n\n\n<p><br><\/p>\n<\/div>\n\n\n\n<div class=\"wp-block-column is-layout-flow wp-block-column-is-layout-flow\">\n<p>L\u2019enfant et sortil\u00e8ges<br><\/p>\n\n\n\n<p>Emilie&nbsp;<br>La Passion de Simone<\/p>\n<\/div>\n\n\n\n<div class=\"wp-block-column is-layout-flow wp-block-column-is-layout-flow\">\n<p>Chauve souris \/ Chouette \/ Pastourelle<\/p>\n\n\n\n<p>Emilie*<br>Simone*<\/p>\n<\/div>\n<\/div>\n\n\n\n<div style=\"height:1px\" aria-hidden=\"true\" class=\"wp-block-spacer\"><\/div>\n\n\n\n<div class=\"wp-block-columns is-layout-flex wp-container-core-columns-is-layout-9d6595d7 wp-block-columns-is-layout-flex\">\n<div class=\"wp-block-column is-layout-flow wp-block-column-is-layout-flow\">\n<p>Sch\u00f6nberg<\/p>\n\n\n\n<p>Schrecker<\/p>\n\n\n\n<p>R.Strauss<\/p>\n\n\n\n<p>Zemlinski<\/p>\n<\/div>\n\n\n\n<div class=\"wp-block-column is-layout-flow wp-block-column-is-layout-flow\">\n<p>Erwartung<\/p>\n\n\n\n<p>Die Gezeichneten<\/p>\n\n\n\n<p>Elektra<\/p>\n\n\n\n<p>Der Zwerg<\/p>\n<\/div>\n\n\n\n<div class=\"wp-block-column is-layout-flow wp-block-column-is-layout-flow\">\n<p>&#8211;<\/p>\n\n\n\n<p>Carlotta<\/p>\n\n\n\n<p>M\u00e4gdlein<\/p>\n\n\n\n<p>L&#8217;Infante*<\/p>\n<\/div>\n<\/div>\n\n\n\n<h2 class=\"wp-block-heading\"><strong>CONCERT &#8211; ORCHESTRE<\/strong><\/h2>\n\n\n\n<div class=\"wp-block-columns is-layout-flex wp-container-core-columns-is-layout-9d6595d7 wp-block-columns-is-layout-flex\">\n<div class=\"wp-block-column is-layout-flow wp-block-column-is-layout-flow\">\n<p>Berg<\/p>\n\n\n\n<p>Canteloube<\/p>\n\n\n\n<p>Chausson<\/p>\n\n\n\n<p>Dusapin<\/p>\n\n\n\n<p>Honneger<\/p>\n\n\n\n<p>Messiaen<\/p>\n\n\n\n<p>Poulenc<\/p>\n\n\n\n<p>Ravel<br><br><\/p>\n<\/div>\n\n\n\n<div class=\"wp-block-column is-layout-flow wp-block-column-is-layout-flow\">\n<p>Altenberglieder<\/p>\n\n\n\n<p>Chants d\u2019Auvergne*<\/p>\n\n\n\n<p>Po\u00e8mes de l\u2019amour et la mer<\/p>\n\n\n\n<p>Wenn du dem Wind*<\/p>\n\n\n\n<p>Jeanne d\u2019Arc&nbsp;<\/p>\n\n\n\n<p>Poemes pour mi<\/p>\n\n\n\n<p>Voix Humaine*<\/p>\n\n\n\n<p>Chansons grecques*<br>Mallarm\u00e9*<br>Sheherazade*<\/p>\n<\/div>\n\n\n\n<div class=\"wp-block-column is-layout-flow wp-block-column-is-layout-flow\"><\/div>\n<\/div>\n\n\n\n<div style=\"height:1px\" aria-hidden=\"true\" class=\"wp-block-spacer\"><\/div>\n\n\n\n<div class=\"wp-block-columns is-layout-flex wp-container-core-columns-is-layout-9d6595d7 wp-block-columns-is-layout-flex\">\n<div class=\"wp-block-column is-layout-flow wp-block-column-is-layout-flow\">\n<p>Saariaho<br><br><\/p>\n<\/div>\n\n\n\n<div class=\"wp-block-column is-layout-flow wp-block-column-is-layout-flow\">\n<p>Emilie suite*<br>Quatre Instants* <br>La Passion de Simone*<\/p>\n<\/div>\n\n\n\n<div class=\"wp-block-column is-layout-flow wp-block-column-is-layout-flow\"><\/div>\n<\/div>\n\n\n\n<div style=\"height:1px\" aria-hidden=\"true\" class=\"wp-block-spacer\"><\/div>\n\n\n\n<div class=\"wp-block-columns is-layout-flex wp-container-core-columns-is-layout-9d6595d7 wp-block-columns-is-layout-flex\">\n<div class=\"wp-block-column is-layout-flow wp-block-column-is-layout-flow\">\n<p>Sibelius<br><br><\/p>\n<\/div>\n\n\n\n<div class=\"wp-block-column is-layout-flow wp-block-column-is-layout-flow\">\n<p>Luonnotar*<\/p>\n<\/div>\n\n\n\n<div class=\"wp-block-column is-layout-flow wp-block-column-is-layout-flow\"><\/div>\n<\/div>\n\n\n\n<h2 class=\"wp-block-heading\"><strong>CHAMBER MUSIC&nbsp;<\/strong><\/h2>\n\n\n\n<div class=\"wp-block-columns is-layout-flex wp-container-core-columns-is-layout-9d6595d7 wp-block-columns-is-layout-flex\">\n<div class=\"wp-block-column is-layout-flow wp-block-column-is-layout-flow\" style=\"flex-basis:33.33%\">\n<p>Chausson<\/p>\n\n\n\n<p>Dusapin<\/p>\n<\/div>\n\n\n\n<div class=\"wp-block-column is-layout-flow wp-block-column-is-layout-flow\" style=\"flex-basis:66.66%\">\n<p>Chanson perp\u00e9tuelle (quatuor cordes + piano)*<\/p>\n\n\n\n<p>Wolken , cycle piano, soprano 20 min*<br>La natura del Mondo, cycle piano, sop, 10 min<br>Canto, violoncelle, clarinette, sop, 8 min*<\/p>\n<\/div>\n<\/div>\n\n\n\n<div style=\"height:1px\" aria-hidden=\"true\" class=\"wp-block-spacer\"><\/div>\n\n\n\n<div class=\"wp-block-columns is-layout-flex wp-container-core-columns-is-layout-9d6595d7 wp-block-columns-is-layout-flex\">\n<div class=\"wp-block-column is-layout-flow wp-block-column-is-layout-flow\" style=\"flex-basis:33.33%\">\n<p>Saariaho<\/p>\n<\/div>\n\n\n\n<div class=\"wp-block-column is-layout-flow wp-block-column-is-layout-flow\" style=\"flex-basis:66.66%\">\n<p>Emilie Suite, orch de chambre, 30 min*<br>Quatre Instants, piano, sop, 20 min*<\/p>\n<\/div>\n<\/div>\n\n\n\n<div style=\"height:1px\" aria-hidden=\"true\" class=\"wp-block-spacer\"><\/div>\n\n\n\n<div class=\"wp-block-columns is-layout-flex wp-container-core-columns-is-layout-9d6595d7 wp-block-columns-is-layout-flex\">\n<div class=\"wp-block-column is-layout-flow wp-block-column-is-layout-flow\" style=\"flex-basis:33.33%\">\n<p>Connesson<\/p>\n<\/div>\n\n\n\n<div class=\"wp-block-column is-layout-flow wp-block-column-is-layout-flow\" style=\"flex-basis:66.66%\">\n<p>Medea, piano, clarinette, violoncelle, sop 35 min*<br>Elegie de l\u2019amour obscur, Quatuor a cordes, piano, sop 15 min*<\/p>\n<\/div>\n<\/div>\n\n\n\n<div style=\"height:1px\" aria-hidden=\"true\" class=\"wp-block-spacer\"><\/div>\n\n\n\n<div class=\"wp-block-columns is-layout-flex wp-container-core-columns-is-layout-9d6595d7 wp-block-columns-is-layout-flex\">\n<div class=\"wp-block-column is-layout-flow wp-block-column-is-layout-flow\" style=\"flex-basis:33.33%\">\n<p>Messiaen&nbsp;<\/p>\n\n\n\n<p>Stravinski<\/p>\n<\/div>\n\n\n\n<div class=\"wp-block-column is-layout-flow wp-block-column-is-layout-flow\" style=\"flex-basis:66.66%\">\n<p>Harawi, cycle pour piano, sop 1h*<\/p>\n\n\n\n<p>2 po\u00e8mes et 3 m\u00e9lodies Japonaises, * quatuor a cordes, flutes,<br>clarinettes, piano, sop 7 min<\/p>\n<\/div>\n<\/div>\n\n\n\n<div style=\"height:1px\" aria-hidden=\"true\" class=\"wp-block-spacer\"><\/div>\n\n\n\n<div class=\"wp-block-columns is-layout-flex wp-container-core-columns-is-layout-9d6595d7 wp-block-columns-is-layout-flex\">\n<div class=\"wp-block-column is-layout-flow wp-block-column-is-layout-flow\" style=\"flex-basis:33.33%\">\n<p>Zemlinski&nbsp;<\/p>\n\n\n\n<p>De Falla<\/p>\n\n\n\n<p>Shostakovich<\/p>\n\n\n\n<p>Ravel<\/p>\n<\/div>\n\n\n\n<div class=\"wp-block-column is-layout-flow wp-block-column-is-layout-flow\" style=\"flex-basis:66.66%\">\n<p>Maiblumen bl\u00fchten \u00fcberall, * sextuor a cordes, sop, 10 min<\/p>\n\n\n\n<p>Psych\u00e9, * violon, alto, violoncelle, harpe, flute, sop 8 min<\/p>\n\n\n\n<p>Romances d\u2019Alexander Bloch, * trio a cordes, sop\u00a0 30 min\u00a0<\/p>\n\n\n\n<p>Sheherazade, piano (ou arrangement quatuor), sop 20 min*<br>Mallarm\u00e9, piano ou orchestre de chambre, sop, 20 min*<\/p>\n<\/div>\n<\/div>\n\n\n\n<div class=\"wp-block-columns is-layout-flex wp-container-core-columns-is-layout-9d6595d7 wp-block-columns-is-layout-flex\">\n<div class=\"wp-block-column is-layout-flow wp-block-column-is-layout-flow\" style=\"flex-basis:33.33%\">\n<p>Sch\u00f6nberg<\/p>\n<\/div>\n\n\n\n<div class=\"wp-block-column is-layout-flow wp-block-column-is-layout-flow\" style=\"flex-basis:66.66%\">\n<p>Pierrot Lunaire <br>Quatuor no2, quatuor \u00e0 cordes, soprano, 25 min<\/p>\n<\/div>\n<\/div>\n\n\n\n<h2 class=\"wp-block-heading\"><strong>RECITAL<\/strong><\/h2>\n\n\n\n<p>Melodies fran\u00e7aises : Debussy, Poulenc, Ravel, Faur\u00e9, Duparc&#8230;<br>Lieder : Schubert, Brahms, Wolf, Schuman, Berg, Strauss, Zemlinski, Eisler, Korngold.<br>Scandinavian repertoire : Grieg, Sibelius, Backer-Grondhal, Netzel, Redsen-Macker\u2026<br>Russian : Rachmaninoff, Glinka, Metner \u2026<\/p>\n","protected":false},"excerpt":{"rendered":"<p>Repertoire 2023 &#8211; Karen Vourc\u2019h T\u00e9l\u00e9charger en pdf OPERA Barber Bartholom\u00e9e Berg Britten Cernowim Debussy Dusapin Etv\u00f6s Fenelon Filidei Hindemith Janacek Krawzyck Menotti Monteverdi Nitschke Offenbach Vanessa Nous sommes \u00e9ternels Wozzeck Turn of screw Infinite now Pelleas et Melisande Rodrigue et Chimene Romeo et Juliette Penthesilea Le Balcon JJR L\u2019inondation Mathis le peintreCardillacSancta Susanna Jenufa La Petite renarde rus\u00e9e Fosse Saint of Bleeker Street Couronnement &hellip;<\/p>\n","protected":false},"author":1,"featured_media":0,"parent":2,"menu_order":2,"comment_status":"closed","ping_status":"closed","template":"","meta":{"footnotes":""},"class_list":["post-51","page","type-page","status-publish","hentry"],"_links":{"self":[{"href":"https:\/\/karenvourch.com\/index.php\/wp-json\/wp\/v2\/pages\/51","targetHints":{"allow":["GET"]}}],"collection":[{"href":"https:\/\/karenvourch.com\/index.php\/wp-json\/wp\/v2\/pages"}],"about":[{"href":"https:\/\/karenvourch.com\/index.php\/wp-json\/wp\/v2\/types\/page"}],"author":[{"embeddable":true,"href":"https:\/\/karenvourch.com\/index.php\/wp-json\/wp\/v2\/users\/1"}],"replies":[{"embeddable":true,"href":"https:\/\/karenvourch.com\/index.php\/wp-json\/wp\/v2\/comments?post=51"}],"version-history":[{"count":34,"href":"https:\/\/karenvourch.com\/index.php\/wp-json\/wp\/v2\/pages\/51\/revisions"}],"predecessor-version":[{"id":478,"href":"https:\/\/karenvourch.com\/index.php\/wp-json\/wp\/v2\/pages\/51\/revisions\/478"}],"up":[{"embeddable":true,"href":"https:\/\/karenvourch.com\/index.php\/wp-json\/wp\/v2\/pages\/2"}],"wp:attachment":[{"href":"https:\/\/karenvourch.com\/index.php\/wp-json\/wp\/v2\/media?parent=51"}],"curies":[{"name":"wp","href":"https:\/\/api.w.org\/{rel}","templated":true}]}}